?
3, 915547
What are the prime factors of 1657472?
2, 23, 563
List the prime factors of 4719955.
5, 127, 7433
What are the prime factors of 102572?
2, 25643
What are the prime factors of 111862?
2, 55931
What are the prime factors of 2047202?
2, 1023601
What are the prime factors of 314856?
2, 3, 4373
What are the prime factors of 21360509?
761, 28069
What are the prime factors of 11363439?
3, 79, 47947
List the prime factors of 7892682.
2, 3, 7, 187921
List the prime factors of 3654701.
421, 8681
What are the prime factors of 994705?
5, 198941
What are the prime factors of 1257725?
5, 7, 7187
What are the prime factors of 11091394?
2, 5545697
What are the prime factors of 2227215?
3, 5, 37, 4013
List the prime factors of 326666.
2, 233, 701
What are the prime factors of 687551?
687551
List the prime factors of 21603916.
2, 5400979
List the prime factors of 6481653.
3, 23, 93937
What are the prime factors of 199171?
7, 37, 769
List the prime factors of 1461197.
1187, 1231
What are the prime factors of 6398418?
2, 3, 13, 82031
What are the prime factors of 2105494?
2, 1052747
What are the prime factors of 911468?
2, 19, 67, 179
What are the prime factors of 1493281?
1493281
What are the prime factors of 4261556?
2, 13, 81953
What are the prime factors of 34815?
3, 5, 11, 211
List the prime factors of 505300.
2, 5, 31, 163
List the prime factors of 6116783.
53, 131, 881
What are the prime factors of 1033478?
2, 31, 79, 211
What are the prime factors of 9024720?
2, 3, 5, 31, 1213
List the prime factors of 1235235.
3, 5, 82349
List the prime factors of 4262539.
541, 7879
What are the prime factors of 98716?
2, 23, 29, 37
What are the prime factors of 2502756?
2, 3, 19, 3659
What are the prime factors of 977299?
977299
What are the prime factors of 6041424?
2, 3, 125863
List the prime factors of 6694803.
3, 71, 10477
List the prime factors of 2623730.
2, 5, 59, 4447
What are the prime factors of 483732?
2, 3, 1493
What are the prime factors of 455996?
2, 29, 3931
What are the prime factors of 23555708?
2, 11, 149, 3593
List the prime factors of 23245511.
17, 1367383
What are the prime factors of 24516250?
2, 5, 11, 1783
What are the prime factors of 12878945?
5, 17, 151517
What are the prime factors of 38604?
2, 3, 3217
What are the prime factors of 191366?
2, 7, 13669
What are the prime factors of 101585?
5, 11, 1847
List the prime factors of 979296.
2, 3, 101
List the prime factors of 158085.
3, 5, 1171
List the prime factors of 1152819.
3, 42697
List the prime factors of 250525.
5, 11, 911
What are the prime factors of 203510?
2, 5, 47, 433
List the prime factors of 478458.
2, 3, 19, 1399
List the prime factors of 1761629.
1761629
List the prime factors of 410495.
5, 19, 29, 149
List the prime factors of 255583.
431, 593
List the prime factors of 39249.
3, 7, 89
List the prime factors of 2274581.
1459, 1559
What are the prime factors of 2522046?
2, 3, 420341
List the prime factors of 308655.
3, 5, 19
What are the prime factors of 298729?
29, 10301
List the prime factors of 17131038.
2, 3, 701, 4073
What are the prime factors of 971833?
971833
What are the prime factors of 2732358?
2, 3, 455393
List the prime factors of 183373.
183373
List the prime factors of 129539.
129539
What are the prime factors of 19635949?
19, 467, 2213
List the prime factors of 19883366.
2, 239, 41597
List the prime factors of 20610464.
2, 7, 101, 911
List the prime factors of 857458.
2, 7, 73, 839
What are the prime factors of 11720137?
11, 13, 41, 1999
What are the prime factors of 1645977?
3, 227, 2417
List the prime factors of 3997543.
11, 19, 31, 617
List the prime factors of 160700.
2, 5, 1607
List the prime factors of 3631521.
3, 211, 5737
What are the prime factors of 115444?
2, 7, 19, 31
List the prime factors of 105610.
2, 5, 59, 179
What are the prime factors of 1912731?
3, 31, 131, 157
List the prime factors of 2552998.
2, 7, 109, 239
What are the prime factors of 1322212?
2, 31, 10663
List the prime factors of 172511.
167, 1033
What are the prime factors of 28768197?
3, 9589399
List the prime factors of 178726.
2, 89363
What are the prime factors of 6360714?
2, 3, 61, 1931
What are the prime factors of 2131095?
3, 5, 31, 4583
List the prime factors of 547833.
3, 11, 13, 1277
List the prime factors of 1787500.
2, 5, 11, 13
What are the prime factors of 2939445?
3, 5, 83, 787
List the prime factors of 6941127.
3, 157, 14737
What are the prime factors of 6625344?
2, 3, 11, 3137
What are the prime factors of 194967?
3, 29, 83
List the prime factors of 5897252.
2, 1474313
What are the prime factors of 203938?
2, 7, 2081
What are the prime factors of 28264518?
2, 3, 523417
What are the prime factors of 239561?
7, 4889
List the prime factors of 56209.
56209
What are the prime factors of 12224573?
29, 191, 2207
List the prime factors of 726842.
2, 53, 6857
What are the prime factors of 20179420?
2, 5, 431, 2341
What are the prime factors of 751598?
2, 375799
What are the prime factors of 14236352?
2, 13, 71, 241
List the prime factors of 134484.
2, 3, 7, 1601
List the prime factors of 33511.
23, 31, 47
What are the prime factors of 580244?
2, 7, 17, 23, 53
What are the prime factors of 260441?
260441
What are the prime factors of 753736?
2, 71, 1327
What are the prime factors of 2361457?
7, 48193
List the prime factors of 11144553.
3, 7, 530693
List the prime factors of 314743.
11, 13, 31, 71
List the prime factors of 201378.
2, 3, 33563
List the prime factors of 349608.
2, 3, 7, 2081
What are the prime factors of 1385632?
2, 19, 43, 53
List the prime factors of 428278.
2, 197, 1087
List the prime factors of 5243514.
2, 3, 17, 51407
List the prime factors of 149518.
2, 74759
List the prime factors of 753730.
2, 5, 19, 3967
What are the prime factors of 1656787?
11, 150617
What are the prime factors of 437505?
3, 5, 29167
What are the prime factors of 1449872?
2, 90617
List the prime factors of 4634905.
5, 11, 47, 163
What are the prime factors of 646605?
3, 5, 14369
What are the prime factors of 707868?
2, 3, 7, 53
What are the prime factors of 7047207?
3, 783023
List the prime factors of 706618.
2, 11, 32119
What are the prime factors of 9798633?
3, 13, 89, 941
What are the prime factors of 128098?
2, 19, 3371
List the prime factors of 778826.
2, 23, 16931
List the prime factors of 38540692.
2, 181, 53233
What are the prime factors of 4122345?
3, 5, 41, 6703
What are the prime factors of 237072?
2, 3, 11, 449
List the prime factors of 4655663.
4655663
List the prime factors of 655383.
3, 218461
What are the prime factors of 15456459?
3, 5152153
What are the prime factors of 170891?
7, 24413
List the prime factors of 1471515.
3, 5, 98101
What are the prime factors of 491043?
3, 7, 67, 349
What are the prime factors of 21916147?
11, 47, 42391
What are the prime factors of 1097654?
2, 548827
What are the prime factors of 7423?
13, 571
What are the prime factors of 241531?
41, 43, 137
What are the prime factors of 661176?
2, 3, 3061
What are the prime factors of 441951?
3, 179, 823
What are the prime factors of 1033642?
2, 516821
What are the prime factors of 432213?
3, 144071
List the prime factors of 1829667.
3, 7, 151, 577
List the prime factors of 68646.
2, 3, 17, 673
List the prime factors of 500014.
2, 250007
List the prime factors of 6687575.
5, 43, 6221
List the prime factors of 610767.
3, 22621
List the prime factors of 3657203.
11, 332473
What are the prime factors of 4619021?
11, 23, 18257
List the prime factors of 164429.
164429
List the prime factors of 439570.
2, 5, 113, 389
List the prime factors of 3113.
11, 283
List the prime factors of 48821.
48821
What are the prime factors of 2163986?
2, 11, 19, 31, 167
List the prime factors of 958940.
2, 5, 47947
What are the prime factors of 8606620?
2, 5, 11, 19, 29, 71
List the prime factors of 252582.
2, 3, 11, 43, 89
List the prime factors of 3346122.
2, 3, 13, 42899
List the prime factors of 2995255.
5, 19, 41, 769
What are the prime factors of 48547?
43, 1129
List the prime factors of 434331.
3, 48259
What are the prime factors of 2007376?
2, 7, 17923
What are the prime factors of 1951382?
2, 975691
List the prime factors of 4313675.
5, 109, 1583
What are the prime factors of 1711931?
13, 131687
What a